*w + 13. Is o(6) a composite number?
False
Let i(k) = 5*k - 56. Let h be i(13). Suppose 7*j = h*j - 1918. Is j a composite number?
True
Is 10/(-4) + 2438880/64 a composite number?
True
Let z(n) = -n**3 + 5*n**2 - 3*n + 4. Let m be z(4). Is 3 - ((-22 + 3)*m + -3) prime?
False
Suppose 5*x - m - 556 = 0, -x + 330 = 2*x + 3*m. Let p(a) = a**3 - 9*a**2 + 9*a - 6. Let k be p(8). Suppose -n - k*n = -x. Is n a prime number?
True
Suppose 2*p + u = 11, -p + 5*u = 3*p + 13. Let f be 1074/14 + (-30)/(-105) - -2. Suppose -p*n + f = -2*n. Is n prime?
True
Let b(c) = -58*c**3 - c**2 - c - 1. Let u be b(-1). Suppose -14 = 2*p + g - 93, -4*g + u = p. Is p composite?
False
Let c be 1/(3*(-1)/(-24)). Let z be ((-52)/c)/(2/(-4)). Suppose -4 = -2*f, -3*w + 2*w = -3*f - z. Is w composite?
False
Suppose -4*m = -2*a + m + 14, 0 = a + 5*m + 8. Suppose -36 = -z - n + 32, n + 130 = 2*z. Is z + (-1 - -2*a) a composite number?
True
Let f(m) = 871*m**2 + 11*m + 67. Is f(-6) a prime number?
True
Let o(q) = -q**2 - 7*q + 11. Let u be o(-8). Suppose t - u*t - 392 = 0. Let g = -69 - t. Is g composite?
False
Let k = 15015 - 4456. Is k a composite number?
False
Suppose -24*v + 22633 = -23*v. Is v prime?
False
Let r(p) = 3*p**2 - 6*p + 17. Let w = 5 - -2. Suppose w*k = 9*k - 12. Is r(k) a prime number?
True
Suppose -2*l = 3*x - 8, 5*l + 22 = -x + 4*x. Suppose j + 3*v + 2*v - x = 0, 4*j - v = -68. Let d = j - -75. Is d composite?
False
Let q(n) = -2*n**3 - 6*n**2 - n - 1. Let m be q(-3). Suppose -7570 = -m*d - 2132. Suppose 0 = 5*a - d + 809. Is a composite?
True
Let n be 12/4 - 242*(1 - 8). Let s = 596 + n. Is s prime?
True
Suppose 0 = b - 4*a + 9, 0 = -2*b - 5*a - 11 + 32. Suppose -5*g = 2*r - 9183 + 3616, b*g - 5*r - 3365 = 0. Is g a prime number?
False
Suppose 40*t - 28*t = 40908. Is t a composite number?
True
Let a be 8/(2 - 40/18). Let g be (-5808)/a + 8/(-6). Suppose 3*p = -s + g + 91, 4*s - 3*p = 944. Is s a composite number?
False
Suppose -4*a = -a - 96. Suppose -5*f - 22 = -a. Suppose 5*u - 445 = 3*p - 7*p, f*p - 3*u = 239. Is p composite?
True
Is 8779 + (3 - (6 + -3)) composite?
False
Let q(y) = 1 + 2*y + 2*y + 3*y. Suppose -83 + 47 = -3*z. Is q(z) composite?
True
Suppose -2*y + 15 = -13. Is y composite?
True
Let t(f) = -2*f + 377. Let l = -43 - -43. Is t(l) a prime number?
False
Let t(w) = 5*w**2 - 18*w - 8. Suppose 0 = -3*k + 22 + 5. Is t(k) composite?
True
Let g be (-504)/(-5) + 10/50. Suppose 4*q - 12 = 0, -4*q = a + g - 434. Suppose 4*u + a = 1309. Is u a composite number?
True
Let r = 92 - 13. Is (-1 - 0)/((-1)/r) a prime number?
True
Let r = -4 - -8. Suppose -4*q = -2*q - r. Suppose -j + 1491 = q*j. Is j composite?
True
Suppose 70 = 5*w - 2*f, -w + 4*w - 61 = 5*f. Suppose 3*i = 6*i + w. Is (-1526)/21*6/i a composite number?
False
Let q be ((0 - 0) + 0)*1/2. Suppose -3*h - y - 114 = -8*h, q = 5*h + 3*y - 98. Is h prime?
False
Suppose -5*p + 12 = -p, 5*p - 125 = 5*u. Let n = 22 + u. Suppose -3*q + 7*q - 2132 = n. Is q composite?
True
Let f(t) = -t**2 + 2*t + 10. Let h be f(4). Is ((-2)/(-2) + 2)*h composite?
True
Let i be 2/(-9) - 6503/(-63). Let w = -45 + i. Is w prime?
False
Let z(n) = -8*n + 8. Suppose -4*h - d = 17, -4*d - 2 = h - 9. Let i be z(h). Suppose -p - i = -335. Is p prime?
False
Is (-8 - (-4 + -8))*3821/4 a composite number?
False
Let t(l) = -2582*l - 323. Is t(-5) a composite number?
True
Let j(g) = 68*g**3 - 3*g**2 + 13*g - 1. Is j(3) prime?
True
Suppose -7 - 8 = -5*r. Suppose 3*n = -4*w - w + 2, -5*n = 3*w - 14. Is -1 - 11*r*w prime?
False
Let x be 0 - (-34 - (-8)/(-4)). Suppose s - 3*n - 218 = -x, 5*s - 4*n = 921. Is s composite?
True
Suppose 3114 = -6*s + 3*s. Let z = s + 1555. Is z prime?
False
Suppose -5*i = 3*k - 584, 2*k - 43 = i - 165. Is i composite?
True
Let i = 14257 - 3840. Is i composite?
True
Suppose 0 = -24*l + 3*l + 638106. Is l a composite number?
True
Let p(l) = -l**2 - 6 + 4*l - 8*l**3 - 5 - 3*l**2. Is p(-5) a prime number?
False
Suppose -2*x = 4*n + x - 79838, -8 = 4*x. Is n a composite number?
False
Let h be ((-3)/(-1))/6 + 49/2. Suppose -2*v + 1789 = -5*x, -x + 6*x - h = 0. Is v prime?
True
Let v be 80/(-6)*-6*9/72. Let l = 5 - 3. Is (v + -908)*l/(-4) a prime number?
True
Let c = 16 - -4. Is (-2872)/c*(-10)/4 composite?
False
Let o = -16268 + 29061. Is o composite?
True
Let g(s) = -11*s**3 - 2*s**2 + 3*s - 4. Is g(-5) prime?
False
Suppose 0 = d + 3*d. Suppose 2*v + 3*m = 2*m + 445, d = 4*v + 5*m - 893. Suppose 4*z - 23 = h - v, 3*z + 770 = 4*h. Is h a prime number?
True
Is (1 - -138)/(48/14064) a prime number?
False
Suppose 2*o + 2 = j, 2*o - o - 2 = -j. Suppose -3*u - 4*w + 28 = -0*w, j*u = w + 4. Suppose -h - 291 = -u*h. Is h composite?
False
Suppose -15242 = -6*t + 12304. Is t a composite number?
False
Let z(g) = 2*g - 25. Let m be z(13). Is (0 - m)/((-1)/263) a prime number?
True
Suppose 0 = u + u + 1526. Let g = -534 - u. Suppose 3*y + g = d + d, -3*d + 366 = 3*y. Is d a prime number?
False
Suppose -3*n + 2*u + 5536 = 0, 0 = 4*n + 4*u - 1547 - 5801. Let z = 634 - n. Let s = z + 1839. Is s a prime number?
True
Let u(j) = 17*j**3 + 8*j - 33. Is u(4) composite?
False
Suppose 0*x + 3*x = 0. Let a = -15 + 18. Suppose x = -5*u - h + 184, h = 4*h + a. Is u a composite number?
False
Let a = -31 - -28. Let h(j) = -j - 1. Let s be h(a). Suppose 4*b = 5*i - 257, -s*b + 177 = -5*i + 438. Is i a prime number?
True
Let p(d) = d**2 - d - 2. Let q be p(3). Let i be ((-434)/3)/(q/(-6)). Suppose -i = -5*u - 2*o, 4*u + 4*o - 219 = -u. Is u a composite number?
False
Let w(u) = 408*u - 111. Is w(21) composite?
True
Suppose 4*c - 3*d - 32585 = 0, 0 = 3*d + 1 - 4. Is c prime?
True
Let l(z) = 383*z - 44. Let i(v) = -128*v + 15. Let d(w) = -17*i(w) - 6*l(w). Let g be (-1)/((-2)/42*-3). Is d(g) a composite number?
False
Let r be 126 - 1 - 4/(-2). Is 2/((-4)/r)*(-2 + 0) composite?
False
Let v(j) = j**3 - 6*j**2 + 4*j + 9. Let p be v(5). Suppose 150 = 5*k - 4*h, p*k + 5*h - 2*h - 89 = 0. Is (k/(-39))/(4/(-2658)) composite?
False
Let b(n) = 403*n + 1. Let u be (6/(-12))/(1/(-4)). Let o be b(u). Is o/9 - (-16)/12 composite?
True
Suppose 3*q + 8362 = 5*m - 3723, -4*m - 5*q = -9668. Is m a composite number?
False
Let s(z) = -z**2 - 3 - 14*z**3 + 0 + 7. Let b(u) = 3*u**2 + 3*u - 3. Let o be b(0). Is s(o) composite?
False
Let w(k) = 7*k**2 + 3*k - 3. Let l be 3/6 - 34/(-4). Let b = 5 - l. Is w(b) prime?
True
Suppose -32*u = -215639 + 23703. Is u a composite number?
True
Suppose -5*i - 302 = -2*o + 146, i - 5*o + 85 = 0. Is 4/18 - 12490/i a composite number?
False
Let p(a) = -a**2 - 9*a - 13. Let f be p(-6). Suppose 3*j + 2*r - 13481 = -0*r, -f*j + 3*r + 22462 = 0. Is j a composite number?
False
Let x = -709 + 4382. Let m = x + -906. Is m a prime number?
True
Suppose 3*w = -2*g - 829, 207 = -3*w + 2*g - 638. Is (4 + 0)*w/(-36) composite?
False
Let l = 6750 + 4949. Is l a prime number?
True
Suppose -33*q + 37*q - 28 = 0. Suppose q*f + 12725 = 12*f. Is f composite?
True
Let r = 163310 + -114183. Is r a prime number?
False
Let v(c) = -11*c - 13. Let t be v(6). Let r(u) = -12*u + 6. Let i be r(5). Let f = i - t. Is f composite?
True
Suppose -652 = -8*x + 6*x. Let q = 1217 + x. Is q composite?
False
Suppose 132 = -5*v + 3657. Suppose v = -3*w + 2034. Is w prime?
True
Is 19/((-19)/(-64226)) + -9 prime?
True
Suppose -i - 69285 = -4*q, 5*i = 7*q - 10*q + 51958. Is q prime?
True
Let z(y) = y**3 + 9*y**2 + 2*y - 11. Suppose 3 - 8 = 5*q. Let h be (q - 7) + 0/(-2). Is z(h) prime?
True
Let y(x) = -41*x + 7. Let j(h) = -7*h**2. Let t be j(1). Let c be y(t). Let l = 529 - c. Is l prime?
False
Let n be (-71 - (-2)/2)/((-7)/(-56)). Let i = 395 - n. Is i prime?
False
Let i(b) = -b**2 + 67*b + 71. Is i(43) composite?
False
Let w = 143106 - 14203. Is w composite?
False
Let y(v) be the first derivative of 335*v**2/2 - 4*v - 8. Let k be y(4). Suppose 0 = -5*q + h - 428 + 2080, 4*h - k = -4*q. Is q prime?
True
Is (-410620)/(-294) - (-14)/6 a prime number?
True
Let s = 92 + -78. Let x(y) = 2*y**3 - 20*y**2 - 13*y - 1. Is x(s) prime?
False
Let b(k) be the third derivative of -545*k**4/24 - k**3/2 + 42*k**2. Is b(-1) prime?
False
Let h = 95 + -115. Is ((-4745)/h - 7)*(-8)/(-6) prime?
True
Let c = 16603 - -4008. Is c composite?
False
Let a = -131 - -139. Suppose -15*u + a*u + 31